t l = -2419 - -3187. What is the hundreds digit of l?
7
Let f(x) = x**3 + 6*x**2 - 6*x + 12. Let a be f(-7). Suppose -o + 52 = u, a*o - 300 = -0*u + 5*u. What is the tens digit of o?
5
Let p be 2*(-2)/(-1) + -2. Suppose -p*i = -5 - 37. Suppose 0 = 2*m - 9 - i. What is the tens digit of m?
1
Suppose 4*y - 7*y + 4*f + 418 = 0, -f = 3*y - 413. What is the units digit of y?
8
Let q = -138 - -232. Suppose q = f - 29. What is the hundreds digit of f?
1
Suppose -5*k = -5*n + 9 + 1, 3*k - 10 = -n. Let h be 56/3 - (-2)/(-3). What is the units digit of h/n + 5/(-10)?
4
Suppose 8*g - 21 = g. Suppose -2*s = 3*s + 5*w - 755, -609 = -4*s - g*w. What is the tens digit of s?
5
Let i(k) = 2*k + 58. Let q be i(-17). Let m = 108 - q. What is the tens digit of m?
8
What is the hundreds digit of 9*(771/(-12))/((-5)/20)?
3
Let s be (-16 + 13)*3/9. Let w(f) = -8*f**3 - 15*f**3 + 0*f + f. What is the tens digit of w(s)?
2
Let q = 56 + -51. Suppose -q*p - 2*p + 1169 = 0. What is the units digit of p?
7
Suppose 69*x = 60864 + 63267. What is the hundreds digit of x?
7
Suppose -2*p = p - 126. Let c = 12 + p. What is the tens digit of c?
5
Suppose -2*i + 978 = -6*i - 2*o, -953 = 4*i - 3*o. Let s = 365 + i. What is the tens digit of s?
2
Let w(y) = -15*y + 2. Let t be w(-2). Suppose -v - t = u, -u + 4*v - 23 = 9. Let b = u + 53. What is the tens digit of b?
2
Let q(p) = -8*p - 11. Let l(w) = 15*w + 23. Let h(m) = 2*l(m) + 5*q(m). What is the units digit of h(-6)?
1
Suppose -g + 55 = -6*g. Let w = g + 14. Suppose 0 = d - 2*a - 2*a - 20, -3*a + w = 0. What is the units digit of d?
4
Suppose -y + 1 = -v - 0*v, 0 = -2*v - 2*y + 14. Let j be -3 + 0 - (-3 - v). Suppose 28 = 4*k - k + x, 4*x + 8 = j*k. What is the units digit of k?
8
Let b(n) = n**3 - 6*n**2 + 7*n - 1. Let w be b(5). Let d = w + 17. What is the units digit of d?
6
Let z be (1 - 1 - 1) + -1. What is the tens digit of 0 + 33 - (4 + z)?
3
Let i(q) be the first derivative of q**2/2 + 7*q + 1. Let s be i(3). Let h = s + 12. What is the units digit of h?
2
Suppose 0 = w - 0*w + 2*f - 52, -w + 68 = -2*f. Suppose 3*d = -2*d + w. What is the tens digit of (-6)/d - 90/(-4)?
2
Suppose -5*b - 186 = -21. Let r = b + 59. What is the tens digit of r?
2
Suppose 9 = 2*i - 5. Let a = i - -55. What is the tens digit of a?
6
Let q(r) = 19 + 2*r + 0 + 5 + 5. What is the units digit of q(17)?
3
Suppose -5*r = -8*r. Suppose -4*s + 66 = 2*t, r*t + 3*t - 57 = -3*s. What is the units digit of s?
4
Let i(h) = -6*h**3 - 1. Let k be i(-1). Let n(g) = 10*g - 3 + g**3 - 11*g - 1 - k*g**2 + g**3. What is the tens digit of n(4)?
4
Let u be (-1 - -2)/(5/55). Let i = 5 + -5. Suppose i = -r + 11 + u. What is the units digit of r?
2
Let j = 213 - 148. Suppose z + 2*l = 35 + j, -z = -4*l - 124. What is the tens digit of z?
0
Suppose 5*g = g + 608. Let k = g - 96. What is the tens digit of k?
5
What is the units digit of (159/(-5))/(2/(-50))?
5
Suppose -2*z + 6 = 14. Let c be z*1*(-2 + 0). Suppose t + c = 42. What is the tens digit of t?
3
Let g(y) = 3*y**3 - y**2 + y - 1. Let n be g(1). Let p = n - -4. Suppose 29 = 5*s - p. What is the units digit of s?
7
Let n(q) be the first derivative of 3*q**4/4 - q**3/3 - 2*q**2 - q + 8. What is the units digit of n(3)?
9
Let u(b) = 18*b - 358. Let z be u(20). Suppose 4 = w - 0. Suppose 0 = -v - z*y + 39, w*y + 5 = v - 52. What is the units digit of v?
5
Let m = 1133 + -556. What is the tens digit of m?
7
Let a = -10 + 10. Suppose -2*i + 70 = -a*i. What is the units digit of i?
5
Let p(s) = s**3 - 4*s**2 + s + 6. Let u be p(3). Suppose 5*v + 0 = 25. Suppose u*y + 95 = v*y. What is the tens digit of y?
1
What is the units digit of (-5)/(13 - -2) - (-59774)/33?
1
Let t(u) = -8*u + 5. Let m be t(3). What is the units digit of m*1*(4 + (-20)/4)?
9
Suppose -92*y + 88*y = -4584. What is the thousands digit of y?
1
Suppose 3*f = -50 - 319. Let i = -25 - f. What is the units digit of i?
8
Let q be 4/(-10) - 708/(-20). Suppose 0*w + v + 9 = w, v = -3*w + q. Suppose 0 = y - 3 - w. What is the tens digit of y?
1
Let z = -7 + 13. Suppose -x = 2*h, -x + 0 = 4*h + 2. Suppose -z*l + x*l = c - 56, 37 = 3*l + 2*c. What is the tens digit of l?
1
Suppose 3*u = 2*u - 4. Let h be (-15)/3*(3 + u). Suppose -k + h*k = 116. What is the tens digit of k?
2
Let q(k) be the first derivative of k**3/3 + k**2/2 - 2*k - 6. Let j be q(0). Let m = 13 + j. What is the tens digit of m?
1
Let n(x) = 369*x**2 + 37*x - 4. What is the tens digit of n(2)?
4
Suppose -2*l + 9 = 27. What is the tens digit of ((-258)/l)/(68/(-24) + 3)?
7
Suppose -2*b = -3 - 7. Suppose -3*v = -b*v - 2*f + 48, f = -4. Let s = v + 16. What is the tens digit of s?
4
Let a(d) = 107*d + 61. What is the tens digit of a(3)?
8
Let g = -11 + 76. Suppose 5*j - 22 + g = 2*d, -j - 23 = -4*d. What is the units digit of 4/(-10) + j/(-5)?
1
What is the units digit of (-25)/(75/(-12366)) + 2?
4
Let k(r) = r**3 + 8*r**2 + 5*r - 5. What is the thousands digit of k(8)?
1
Suppose 5*n - 3*w - 675 = -8*w, 2*w = -n + 132. Let v = n + 70. What is the units digit of v?
8
Let n(g) = 6*g**2 + 63*g - 70. Let o(r) = 4*r**2 + 42*r - 47. Let d(h) = -5*n(h) + 7*o(h). What is the tens digit of d(-11)?
1
Let g = 200 - 334. Suppose 2*z = -160 + 16. Let j = z - g. What is the units digit of j?
2
Let j(t) be the second derivative of -t**6/180 - 7*t**5/120 + 3*t**4/4 + 6*t. Let s(r) be the third derivative of j(r). What is the units digit of s(-4)?
9
Let t be ((-9)/(-18))/((-30)/28 - -1). What is the units digit of 2/t - 15712/(-112)?
0
Let p(w) = 10*w + 1 - 38*w - 1 - 8. What is the units digit of p(-1)?
0
Suppose -27*i + 562 = -25*i. What is the tens digit of i?
8
Suppose 0 = c - 3. Let q(z) = z**c + 9 + 8*z**2 + 6*z - 9. What is the tens digit of q(-6)?
3
Let k(f) = -21*f**3 - 2*f**2 - 5*f - 3. What is the units digit of k(-1)?
1
Let u = 1 + 1. Suppose 0 = 2*r + u*r - 52. Let l = r - 10. What is the units digit of l?
3
What is the thousands digit of (9 + -5 - 200)*-6?
1
Let d(x) = 2*x**3 - 4*x**2 - 11*x + 31. What is the tens digit of d(6)?
5
Let y = 100 - 66. Suppose -3*d = 5*z + d - y, 16 = 2*z + 4*d. What is the tens digit of (10 - z)*67/4?
6
Let b(o) = 4*o**2 - o - 7. Let u be b(8). Let n = -84 + u. What is the tens digit of n?
5
Suppose -111 = -2*s + 5*o, 2*o = 3 + 7. Suppose 0 = -f - 3*f - 8, 4*f = -4*t + s. What is the tens digit of t?
1
Suppose 0*m - m + 64 = 0. Let k = m - 42. Let l = k + -3. What is the units digit of l?
9
What is the tens digit of ((-33)/15)/(12/24)*-60?
6
Suppose 11 - 12 = c. Let z be (c - -2) + -4 + 18. Let o = 22 - z. What is the units digit of o?
7
Let h(d) = 10*d**2 + 2*d**3 + 11*d + 37 - 3*d**3 - 44. Let x be h(11). Let t = 24 + x. What is the units digit of t?
7
Let o(m) = 31*m**2 + 117*m + 30. What is the hundreds digit of o(-12)?
0
Suppose -5*j + 1 = -4*f - 4, -3*j + 3 = -3*f. Suppose 4*o - 5*u - 487 = -f*u, 3*o = -4*u + 373. What is the tens digit of o?
2
Let a(h) = 13*h**3 + 3*h**2 + 7*h - 19. Let w(g) = 9*g**3 + 2*g**2 + 5*g - 13. Let o(c) = -5*a(c) + 7*w(c). What is the tens digit of o(-3)?
4
Suppose 5*a = -3*u + 199, 3*u + 4*a = 7*u - 276. What is the units digit of u?
8
Suppose -2*l + 3*y + 13296 = l, 2*l - 8870 = 4*y. What is the hundreds digit of l?
4
Let k be -38*(-1 + 3)/((-14)/7). What is the tens digit of k/1 - (-1 - -3)?
3
What is the tens digit of ((-445)/(-10) - 6)*2?
7
Let y = 6770 - 1879. What is the tens digit of y?
9
Let v = -26 - -29. Suppose 0 = 4*u + 8, u - 84 = -2*d - v*u. What is the units digit of d?
6
Suppose -5*o + 56 = c - 21, 3*c = 2*o - 24. Suppose 3*h + o + 6 = 0. Let b = h - -11. What is the units digit of b?
4
Let r(p) = 0 - 9*p - 3 - p**2 + 10*p. Let s be r(-4). Let j = s - -82. What is the tens digit of j?
5
Let f(d) = -d**2 + 5*d + 16. Let q be f(6). Suppose 2*h - 97 = 6*h + l, -5*h = -4*l + 116. What is the units digit of 0 - h - (-13 + q)?
7
Suppose 0 = -6*u + 1665 + 207. What is the units digit of u?
2
Let h(r) = 6*r + 1. Let s be h(1). Suppose -5*l + 2*t + 64 = 0, s*l = 4*l - t + 45. What is the tens digit of l?
1
Let j be (-3)/(3/(-6)*2). What is the tens digit of -4 + 13 + 3 + j?
1
Let m be 4*(-2 + 18/(-4)). Let n be (-7)/((-21)/27) - 3. What is the units digit of m*(0 - 3/n)?
3
Let d(s) = -s**3 - 10*s**2 - s + 14. Let r be d